Climatological Summary for Year 2015

NAME:Marina Punat, Punat, Croatia
ELEV:0 meters
LAT:45-01.85 N
LONG:014-37.19 E

Temperature (°C)

Year Month Mean Max Mean Min Mean Heat deg days Cool deg days High Day Low Day Max >= 30 Max <= 30 Min <= 0 Min <= -20
2015 01 11.5 4.9 8.4 309.1 0.0 18.5 19 -1.9 01 0 0 1 0
2015 02 10.4 4.4 7.2 312.2 0.0 14.7 16 -0.7 09 0 0 4 0
2015 03 13.8 7.9 10.8 231.7 0.0 17.6 22 3.3 21 0 0 0 0
2015 04 17.6 9.1 13.3 144.8 0.6 23.6 12 3.9 08 0 0 0 0
2015 05 22.7 14.8 18.8 21.9 36.9 27.6 09 10.7 29 0 0 0 0
2015 06 27.9 18.3 23.5 0.0 153.3 32.8 04 13.3 21 8 0 0 0
2015 07 31.6 22.2 27.2 0.0 273.8 36.9 22 17.4 31 22 0 0 0
2015 08 30.2 21.2 25.7 0.0 228.6 36.9 12 15.9 22 16 0 0 0
2015 09 24.0 17.2 20.5 10.1 74.7 30.9 18 13.5 12 1 0 0 0
2015 10 18.5 12.8 14.6 91.7 1.1 21.3 02 7.3 25 0 0 0 0
2015 11 14.8 7.0 10.7 229.9 0.0 21.7 06 1.4 25 0 0 0 0
2015 12 13.1 5.5 9.0 290.5 0.0 16.1 16 2.4 12 0 0 0 0
19.7 12.2 15.9 1641.9 768.9 36.9 Jul -1.9 Jan 47 0 5 0

Precipitation (mm)

Days of rain over
Year Month Total Max observe day Date 0.30 3.00 30.00
2015 01 97.3 33.3 30 8 6 1
2015 02 63.0 28.7 22 8 6 0
2015 03 34.5 14.0 02 5 4 0
2015 04 17.3 6.1 18 6 3 0
2015 05 28.4 7.4 02 9 4 0
2015 06 59.9 27.7 23 7 4 0
2015 07 65.8 52.8 26 2 2 1
2015 08 58.2 15.2 19 8 5 0
2015 09 42.9 11.2 05 6 5 0
2015 10 180.8 27.7 14 15 13 0
2015 11 82.0 43.4 21 3 2 2
2015 12 2.5 0.5 03 2 0 0
732.8 52.8 Jul 79 54 4

Wind Speed (knots)

Year Month Average High Date Dom. direction
2015 01 5.0 51.3 29 123
2015 02 6.7 44.3 05 80
2015 03 6.5 40.0 06 89
2015 04 3.7 32.2 05 98
2015 05 3.9 34.8 22 102
2015 06 4.1 46.9 19 102
2015 07 3.3 34.8 31 121
2015 08 2.5 26.9 16 98
2015 09 4.7 31.3 14 84
2015 10 4.2 84.3 18 81
2015 11 3.1 84.3 16 84
2015 12 1.4 84.3 02 90
4.1 84.3 Oct 92